5541303 + 3?
-55541300
In base 14, what is -26dc1 + -1a?
-26ddb
In base 3, what is -2011122011000201122 - 12?
-2011122011000201211
In base 9, what is -4 + -57761?
-57765
In base 13, what is -829 - 22534?
-23060
In base 5, what is 14130043 + 10131?
14140224
In base 16, what is 38a - -a7c7?
ab51
In base 10, what is -182 + 796582?
796400
In base 7, what is 62051232 - 34?
62051165
In base 7, what is -22153260 - -3?
-22153254
In base 2, what is -10011000110 + -11010001011111010?
-11010011111000000
In base 2, what is 11111111010011010101011 + 10010?
11111111010011010111101
In base 6, what is 2152511323 - 123?
2152511200
In base 15, what is 57db64b - 16?
57db635
In base 4, what is 23232 - 100310213?
-100220321
In base 9, what is 0 - -2500380?
2500380
In base 15, what is -3 - 580005?
-580008
In base 4, what is 2002300 - 22232322?
-20230022
In base 16, what is 2 - -1e5c1d?
1e5c1f
In base 2, what is -100001101101010011 + -100?
-100001101101010111
In base 13, what is 797 + 779?
1243
In base 5, what is 4204 - -200444?
210203
In base 14, what is -6 + b22d3b?
b22d35
In base 7, what is 143 - -2045021?
2045164
In base 15, what is -579cb - -1d?
-579ad
In base 7, what is 33 + 121242?
121305
In base 15, what is 0 - -11d08b54?
11d08b54
In base 16, what is 6dc - 4e4b?
-476f
In base 16, what is f12 - -619?
152b
In base 3, what is 1 - 1010120220120120?
-1010120220120112
In base 9, what is 32064 + -751?
31213
In base 9, what is 4 - 11854484?
-11854480
In base 9, what is 1617 - -758216?
760834
In base 7, what is 1340114 - 660?
1336124
In base 2, what is 11111 - 110010011010?
-110001111011
In base 14, what is -ad - -7c35?
7b66
In base 4, what is 2111310 - -2003131?
10121101
In base 7, what is -3200 - -463436?
460236
In base 9, what is 111645037 - 1?
111645036
In base 16, what is 1d904 - 329?
1d5db
In base 6, what is -4224 - -13415?
5151
In base 7, what is -22202241 - -1?
-22202240
In base 9, what is -47830 + -201?
-48131
In base 8, what is -53632540 - 14?
-53632554
In base 3, what is 10222112021212 - -11?
10222112022000
In base 9, what is 5 - -412754616?
412754622
In base 9, what is 3 - -17887745?
17887748
In base 13, what is 1 - -3848b8?
3848b9
In base 7, what is 504 + 210253?
211060
In base 12, what is 2 + 2378512?
2378514
In base 5, what is -3144423 + -4021?
-3203444
In base 10, what is 40353838 - 5?
40353833
In base 12, what is -1018 + 14b731?
14a715
In base 6, what is 1215454151 + -1?
1215454150
In base 6, what is -1230554 - 3455?
-1234453
In base 3, what is -2202110212012 - 120?
-2202110212202
In base 9, what is 15 + -1746133?
-1746117
In base 5, what is -23241103343 + -3?
-23241103401
In base 10, what is -4721550 - -3?
-4721547
In base 9, what is -3584774648 - 5?
-3584774654
In base 13, what is bba + -2707?
-181a
In base 8, what is 5 - -341763521?
341763526
In base 7, what is -11316353 - 5?
-11316361
In base 8, what is -2057300 + -27?
-2057327
In base 7, what is 30 - -64305022?
64305052
In base 13, what is 5 + -10c9c12?
-10c9c0a
In base 6, what is -10255431203 - -1?
-10255431202
In base 5, what is 143 + 1414420010?
1414420203
In base 12, what is b35672b3 - -2?
b35672b5
In base 2, what is 1101110001001000000 + -10011?
1101110001000101101
In base 16, what is -a0 + c87b0?
c8710
In base 10, what is -157359028 + -3?
-157359031
In base 3, what is -111221 + 110012020?
102200022
In base 7, what is -165 - 212000?
-212165
In base 14, what is 1666 - 4c2b?
-35a5
In base 6, what is -110122132 - -15?
-110122113
In base 13, what is 141 + c?
150
In base 8, what is 5323 - 44641?
-37316
In base 5, what is 123431 - 22244?
101132
In base 6, what is -10325255 - -1332?
-10323523
In base 6, what is -40 - 531040?
-531120
In base 9, what is 7 - -2835684?
2835702
In base 10, what is 897108 - 11?
897097
In base 3, what is -22020000 + 2200?
-22010100
In base 9, what is 212203 - 202?
212001
In base 6, what is 2354011 + -54?
2353513
In base 16, what is -c30 + -a297?
-aec7
In base 13, what is 4 - 18793530?
-18793529
In base 3, what is 2112111002 - -101001100?
2220112102
In base 12, what is a8168 - -a3?
a824b
In base 3, what is 11012 + 21121012101?
21121100120
In base 15, what is 4e79a19 - 2?
4e79a17
In base 5, what is -14342112132 + 1?
-14342112131
In base 12, what is -2a74 + 4a5?
-258b
In base 5, what is -3401401104 + -2?
-3401401111
In base 4, what is 11 - 12011301133322?
-12011301133311
In base 10, what is -150 - 123094?
-123244
In base 2, what is -1 + 11111001001100101111010010?
11111001001100101111010001
In base 15, what is 1 - 3ca1ab?
-3ca1aa
In base 6, what is 20101 + 415251?
435352
In base 10, what is 54 - 12139983?
-12139929
In base 6, what is -500334 - 242000?
-1142334
In base 14, what is -946 - -490d?
3da7
In base 10, what is 207382 + 160?
207542
In base 11, what is -2 - -111a13?
111a11
In base 7, what is -220353211 + -4?
-220353215
In base 5, what is 101432342130 - 0?
101432342130
In base 13, what is 2497a72 - 1?
2497a71
In base 16, what is -12f83b + 34?
-12f807
In base 15, what is ccb - -40e7?
4dc3
In base 16, what is -69681 - 1?
-69682
In base 5, what is 1214 - -1212200?
1213414
In base 4, what is 2310020 + 322212?
3232232
In base 6, what is 125502 - -443253?
1013155
In base 6, what is 15402111 - 4?
15402103
In base 16, what is -728 + 426?
-302
In base 10, what is 2332 - -83347?
85679
In base 11, what is -54168 - -122?
-54046
In base 13, what is -3 + -6a1275?
-6a1278
In base 16, what is -84 + 4aa8e?
4aa0a
In base 9, what is -50680562 - 3?
-50680565
In base 13, what is -8bac - -3953?
-5259
In base 4, what is 2 + -21123110220320?
-21123110220312
In base 13, what is -bc4b + -38?
-bc86
In base 11, what is -1032 + -208020?
-209052
In base 3, what is -1 - -10210222020212101?
10210222020212100
In base 10, what is 11 + 1571270?
1571281
In base 5, what is -2322 - -4324330?
4322003
In base 10, what is 18 + -891223?
-891205
In base 14, what is -67 + -329449?
-3294b2
In base 12, what is 724896 - -82?
724958
In base 14, what is -3d5a4c + -5?
-3d5a53
In base 16, what is -144 - 45f8?
-473c
In base 15, what is 6406 - -371e?
9b25
In base 4, what is 232 - -11123210020?
11123210312
In base 3, what is -11201220020210221 - 1?
-11201220020210222
In base 3, what is -2010012 + 1201211?
-101101
In base 13, what is -a371ca05 - 1?
-a371ca06
In base 13, what is -12860c - 7?
-128616
In base 15, what is 48ac3a + 2?
48ac3c
In base 12, what is 68a6227 + 26?
68a6251
In base 3, what is -1120111000001110121 - -2?
-1120111000001110112
In base 10, what is 6271299 + -4?
6271295
In base 13, what is -2 + -b37742?
-b37744
In base 6, what is 134241134 + 52?
134241230
In base 2, what is 110010100100110010100001110 - 0?
110010100100110010100001110
In base 8, what is -34 - 71702?
-71736
In base 7, what is -33551643 + -1?
-33551644
In base 8, what is 724036223 + -2?
724036221
In base 3, what is -110122201012 - 211202?
-110200112221
In base 16, what is -24986 - 40?
-249c6
In base 9, what is -76285 - -3430?
-72755
In base 7, what is 45063 + -6613?
35150
In base 8, what is -10174512 - 50?
-10174562
In base 4, what is -3 - 10323230203?
-10323230212
In base 7, what is 1032563 - 0?
1032563
In base 15, what is -1 - -1b44ac3?
1b44ac2
In base 4, what is -3 - 100301033332?
-100301100001
In base 4, what is -1033 + 10312210210?
10312203111
In base 2, what is 1000011110011 - -1110000101111?
10110100100010
In base 5, what is -140 - 3330144?
-3330334
In base 16, what is -3 - 1c22486?
-1c22489
In base 8, what is 37267 - 41724?
-2435
In base 14, what is 164 - 8729?
-85a5
In base 15, what is -33a8a9 - -a?
-33a89e
In base 2, what is 1010000101000100110111 - 111?
1010000101000100110000
In base 9, what is -52314 - 105?
-52420
In base 5, what is -1 + -4120024224?
-4120024230
In base 14, what is 44 - 41766?
-41722
In base 12, what is -29 - 9b210?
-9b239
In base 12, what is 8 + 7b0907?
7b0913
In base 6, what is 2 - 543545103?
-543545101
In base 12, what is -4 + 307a0a5?
307a0a1
In base 15, what is 118 - 17b75?
-17a5c
In base 7, what is -42625 + 10661?
-31634
In base 7, what is 13 - 143412542?
-143412526
In base 5, what is -3104243243 - -4?
-3104243234
In base 5, what is -10 + 421232433?
421232423
In base 3, what is 11 + 10021100120022?
10021100120110
In base 9, what is -5 + -2254341?
-2254346
In base 12, what is 1 - 74a509?
-74a508
In base 13